*g + 12. What are the prime factors of g?
2, 3
Let a be 14/6 - 2/(-3). Let w(c) = -2*c**3 - 3*c**2 - 4*c - 2. Let x be w(-2). Let b = x - a. What are the prime factors of b?
7
Suppose -2*a + 9 + 13 = 0. What are the prime factors of a?
11
Let d = 93 + -156. List the prime factors of d/(-6)*(-8)/(-6).
2, 7
Suppose -361 = -s + 4*v + v, 1749 = 5*s + 3*v. List the prime factors of s.
3, 13
Let k = 7 + -4. Suppose 0 = 2*y - k*y + 15. List the prime factors of y.
3, 5
Suppose -4*d - 4*f = 13 - 1, -d + 5*f + 3 = 0. Let b = d - -6. Suppose 3*n - b*n + 13 = 0. List the prime factors of n.
13
Let p = 16 - -6. List the prime factors of (-4)/((-26)/p - -1).
2, 11
Suppose 7 + 1 = -4*k, 2*k = 2*j - 124. What are the prime factors of j?
2, 3, 5
Let g = -21 + 4. List the prime factors of 1 - 1 - (g - 6).
23
Let j be (2 + -13)*-3 + 0. Let q = -16 + j. What are the prime factors of q?
17
Let y = -5 - -4. List the prime factors of (-11 - y)*(-6)/15.
2
Let f be 66/8 + (-2)/8. Let s(n) = -n**2 + 8*n + 3. List the prime factors of s(f).
3
Let v(h) = -h + 2. Let s be v(-2). Suppose 0 = -2*j - 5*a + 1, 3*j = 4*a + 3 + 10. Let b = s + j. What are the prime factors of b?
7
Let h(t) = t**3 - 7*t**2 + 6*t - 5. Let i be h(6). What are the prime factors of (-14)/(-6)*(1 - i)?
2, 7
Let m be 12/(-3*(-1)/(-2)). Let a = m - -14. What are the prime factors of a?
2, 3
Suppose 2*w = -0*w - 8. Let u = 6 + w. List the prime factors of u.
2
Suppose 2*g - 8 = 2*k, -10 = 5*g + 3*k + 2. Suppose 3*t + 10 = -2*b, 4*b + 5*t = -g*b - 24. Let w = -6 - b. What are the prime factors of w?
5
Suppose 5*m + 0*m = -5*l + 1200, 0 = l - 5*m - 234. List the prime factors of l.
239
Suppose -4*j = -2*j - 10. Let x = j + 1. What are the prime factors of x?
2, 3
Let l(g) = -5*g - 8*g - g**2 - 6 + 4*g. Let s = -5 + -1. What are the prime factors of l(s)?
2, 3
Let x be (-8)/(-2)*(9 - 8). What are the prime factors of 63/(-6)*x/(-6)?
7
Let q = 111 + -63. Suppose -q = -7*i + 3*i. List the prime factors of i.
2, 3
Suppose 0 = w - 5*t + 2*t + 4, -t = -2*w + 2. Let q(o) = o**3 - 2*o**2 - o + 1. Let x be q(w). Let g(u) = -4*u - 1. List the prime factors of g(x).
3
Let m be 1/((-3)/549*-3). Let n = m + -37. What are the prime factors of n?
2, 3
Let m = 215 - 86. What are the prime factors of m?
3, 43
Let g = -30 + 144. List the prime factors of g.
2, 3, 19
Let r(z) = -z**3 - z**2 - z + 69. Let w be r(0). Let o be (2/5)/(1/(-5)). What are the prime factors of o/(-4) + w/6?
2, 3
Let q(o) = -5*o - 7. Let r be q(-8). Let z = r + -20. List the prime factors of z.
13
Let p = 7 - -3. What are the prime factors of p?
2, 5
Let f = 116 - 68. List the prime factors of f.
2, 3
Suppose -1 + 5 = n. Suppose l = 3*l - n. What are the prime factors of l?
2
What are the prime factors of 15/(-2)*4/(-3)?
2, 5
Let l be (-8)/5 - 4/10. Suppose 10*h - 10 = 5*h. List the prime factors of (l - 0) + 40/h.
2, 3
Let p = -351 + 552. What are the prime factors of p?
3, 67
Let x(g) = -g + 2. Let d be x(-4). Suppose -3*s = d + 3. Let l = s - -7. List the prime factors of l.
2
Let v be 50/(-5) - 1*-1. Let b(i) = i**2 + 10*i - 4. Let k be b(v). Let g = k - -24. List the prime factors of g.
11
Let o = -5 - -3. List the prime factors of (1 - o)/(6/16).
2
Suppose 2*a - 15 = -3*a. Suppose -u + 16 = -5*g + 52, -5*g + a*u = -38. Suppose 0 = 3*s - 2 - g. List the prime factors of s.
3
Suppose 2*l - 3*i = 46 + 79, 65 = l - 2*i. List the prime factors of l.
5, 11
Suppose 0 = -10*d - 11 + 281. List the prime factors of d.
3
Let q be (-2)/((-8)/(-42))*-2. Let f = -15 + q. What are the prime factors of (-6)/2*(-10)/f?
5
Let m(u) = 2*u + 11. List the prime factors of m(16).
43
Let l = -7 + 6. Let c = 26 - l. List the prime factors of c.
3
Let k = -38 + 66. Suppose -5*d + k = -32. What are the prime factors of d?
2, 3
Let x(t) be the third derivative of 5*t**4/24 - 2*t**3/3 - t**2. List the prime factors of x(4).
2
Let v = 9 + 0. List the prime factors of v.
3
Let u(o) = 12*o + 5. Let r(w) = 23*w + 9. Let a(x) = 6*r(x) - 11*u(x). What are the prime factors of a(1)?
5
Let t be (-68)/(-6) - 6/(-9). Let g = t + -21. Let w(s) = -s**2 - 9*s + 9. List the prime factors of w(g).
3
Suppose -h + 6*h = -160. Let p = h + 52. What are the prime factors of p?
2, 5
Suppose -2*g + 3*g - 4*x - 1 = 0, 0 = g + x - 26. What are the prime factors of g?
3, 7
Suppose -3*g - 5*j + 8 = -22, 0 = 2*g + 5*j - 15. Suppose g = d - 0. What are the prime factors of d?
3, 5
Let f(h) = h + 10. Let p be f(-8). Suppose p*k - 4 = 2. List the prime factors of k.
3
Let f(u) = 3*u**2 - 11*u + 12. Let d be ((-6)/(-9))/(1/9). What are the prime factors of f(d)?
2, 3
Let q be 306 - 2*2/4. Let v(a) = a**2 + 5*a + 5. Let w be v(-5). List the prime factors of (-1)/w + q/25.
2, 3
Let a(x) be the first derivative of 1/4*x**4 + 5*x + 10/3*x**3 + 0*x**2 + 1. What are the prime factors of a(-10)?
5
What are the prime factors of (-38)/(-1*4 + (-188)/(-48))?
2, 3, 19
Suppose 26 = -2*w + 3*w. List the prime factors of w.
2, 13
Let w = 208 - 74. Suppose -4*y = 2*k - w, 0*k - 61 = -2*y + k. What are the prime factors of y?
2
What are the prime factors of 1 - (-6)/(-2) - -32?
2, 3, 5
Suppose 4*m - 2 = 2. What are the prime factors of ((-30)/18)/(m/(-6))?
2, 5
Suppose 0*d + 56 = d. Let l = d - 24. What are the prime factors of l?
2
Let r(f) = 6*f + 6. What are the prime factors of r(5)?
2, 3
Let o(d) = d**3 + 7*d**2 - 4*d - 9. What are the prime factors of o(-6)?
3, 17
Let d(p) = 53*p**2 + p - 1. What are the prime factors of d(-1)?
3, 17
Let l(v) = v**3 - 7*v**2 - 4*v - 3. Let t be l(6). List the prime factors of -4 + 6 + t/(-3).
23
Suppose 2*p + 3*p + 5*b - 1515 = 0, 4*p - 3*b = 1191. List the prime factors of p.
2, 3, 5
Let d(u) = -2*u + 2. Let k be d(-9). Let t be 88/k + (-4)/10. Suppose -4*y - y - 4*m + 75 = 0, -5*y = -t*m - 35. What are the prime factors of y?
11
Let j = 5 - -2. Suppose -n - 3 + j = 0. Suppose -3*p = -n*w + 69, -2*w = w + 2*p - 73. List the prime factors of w.
3, 7
Suppose -5*r = -8*h + 3*h - 10, -3*r - 5*h = -14. Let c be 2/(-6) - 12/(-36). Suppose c = r*s - s - 8. List the prime factors of s.
2
Suppose 7*y - 32 = 3*y. Let g(s) = s**3 - 8*s**2 + s - 8. Let b be g(y). Suppose -4*m = 3*c - c - 4, 3*c + m - 16 = b. What are the prime factors of c?
2, 3
Suppose 60 = 3*b + 3. List the prime factors of b.
19
Let f be (10/8)/(2/8). Suppose -f - 7 = 4*v. List the prime factors of ((-2)/4)/(v/42).
7
Let j(q) = 2*q - 2. Let s be j(2). Suppose -k - s = -13. Suppose 1 = v - k. What are the prime factors of v?
2, 3
Let l(d) = -d + 6. Let z = 2 + -3. Let p be 5 - z - 6/3. What are the prime factors of l(p)?
2
Let r(f) = 2*f**2 + 3*f - 1. What are the prime factors of r(-4)?
19
Suppose 0*l + 75 = 5*f + 5*l, 20 = -4*l. List the prime factors of f.
2, 5
Let f(h) = h**3 - h**2 - 2. Let v be f(0). Let c = 5 + v. List the prime factors of c.
3
Let a(i) = i - 3. Let q(x) = -x + 5. Let c = -3 + 10. Let r(b) = c*a(b) + 4*q(b). List the prime factors of r(2).
5
Let f(b) = -b - 3. Let q be f(0). Let n = 12 + q. Suppose 3*t - n = 15. List the prime factors of t.
2
What are the prime factors of -2*((-34)/(-2))/(-1)?
2, 17
Suppose 7*f - 3*f = 8. Let s(m) = -2*m**f - 2*m - m**3 - 2 - 4*m**2 - 4*m. What are the prime factors of s(-5)?
3
Let w = -6 + 4. Let n be ((-4)/(-1))/w*-1. Let z = 3 + n. List the prime factors of z.
5
Suppose 0 = -2*c - 4*m - 14, c = -3*c - 2*m + 2. Suppose -3*n - 3*w - 24 = 0, 2*n - w - 2 = -c. List the prime factors of (33/n)/(-2 - -1).
11
Let t = 0 - 0. Let m = t + -2. What are the prime factors of m + (1 - -9*1)?
2
Suppose -2*w + 29 = -5*q, -5*q + 3*w - 23 = 3. Let m = 71 - 48. Let b = m + q. What are the prime factors of b?
2
Suppose -4*o + 17 = -3*j, 0*o - o + 3*j = 7. Suppose -2*n + 5*g - 19 = 0, -g + 12 + o = 5*n. What are the prime factors of n?
3
Let i(n) = -26*n**3 + 2*n**2 + 2*n + 1. What are the prime factors of i(-1)?
3
Suppose -3*y + 108 = 2*n, -5*y = -10 - 0. List the prime factors of n.
3, 17
Let l = -2 + 5. Let w(i) = -l - 1 + 3*i - 2*i. List the prime factors of w(7).
3
Suppose 4*q = 3*u - 3, -4 = -2*q + 3*u - 1. What are the prime factors of (56/(-6))/(2/q)?
2, 7
Let i(l) = 6*l. Let z be i(-2). Let u = 1 - z. Suppose 0 = w + 4 - u. What are the prime factors of w?
3
Let i = 